 4. What is the highest common divisor of m and r?
12
Let s = -14379 - -14484. What is the highest common divisor of 1245 and s?
15
Let v be 10/(-75) + (-6244)/(-30). Suppose -4*f - 2*k + 3*k = -295, 3*k + 301 = 4*f. Let d = f + -47. What is the greatest common factor of d and v?
26
Let o be ((-4)/(-14))/(-7*(-6)/588). Suppose -5*h = 77 + 213. Let f be h/(-8)*4 - -3*1. Calculate the greatest common divisor of f and o.
4
Suppose 5*l - 3*q - 12768 = 0, -3532 = 5*l + q - 16276. Calculate the highest common factor of 136 and l.
34
Let l = 28784 + -26296. What is the greatest common divisor of l and 104?
8
Let t(n) = n**3 + 4*n**2 - 26*n - 8. Let m be t(-5). Suppose 3*y - 3 = 0, 2*x = -x + 5*y + m. Calculate the greatest common factor of x and 51.
17
Let j be (-17)/(136/(-48))*1296/32. Let c = -15 - -33. Calculate the greatest common divisor of c and j.
9
Let r be 2/(-6)*12*-5. Let l be (-15)/r*-4 + 2. Suppose -4*f + j + 128 = 3*j, -l*f = 5*j - 150. Calculate the greatest common factor of 51 and f.
17
Suppose 0 = -s + 22 - 21, -5*n + s = -24. Let b = -99 + 206. Suppose -b = n*f - 117. Calculate the greatest common factor of f and 22.
2
Let r = -1885 + 2428. What is the highest common factor of r and 3?
3
Let q = -2161 + 5539. Calculate the highest common divisor of q and 6.
6
Let c be ((-4)/(-6))/(80/(-134040)). Let z = 1921 + c. Calculate the greatest common factor of z and 12.
12
Let u = 375 + -268. Let i = u - 87. What is the greatest common factor of i and 130?
10
Suppose 2*u - 46 = -3*x, 3*x + 10*u = 15*u + 74. What is the highest common factor of 693 and x?
9
Let o(p) = -2 + 0*p**3 - 2*p**2 - 1 - 4 + 2*p - 13*p**3. Let r be o(-3). Let y be r/(-24)*(-12)/5. Calculate the highest common divisor of 352 and y.
32
Let t be (-9)/(100/(-75) + (-3)/(-9)). Calculate the highest common divisor of t and 1089.
9
Suppose 4*k - 31 = -3*f, 0 = 4*f + 932*k - 937*k - 62. Let g(u) = 23*u - 1. Let x be g(4). Calculate the greatest common factor of f and x.
13
Let v(g) = 64*g**2 - 1046*g - 4. Let p be v(23). What is the greatest common divisor of p and 166?
166
Let b(v) = -v + 15. Suppose 11 - 7 = 2*w. Let l be 1/3 - w*(-16)/3. Let n be b(l). Calculate the greatest common factor of n and 32.
4
Let x(c) = -c**2 + 2*c + 206. Let l be x(-13). Suppose -l*v + 3297 = 8. What is the greatest common factor of v and 65?
13
Suppose 6 = 4*j - t - 2, -13 = j - 4*t. Let y(x) = 3*x**3 + 3*x**2 - x - 9. Let f be y(-4). Let w = 161 + f. What is the greatest common divisor of w and j?
3
Suppose -2*z - 2*i + 0*i = 12, 3*z + 4*i + 14 = 0. Let p be (1 + 3 - (z - -18)) + 12. What is the highest common divisor of 4 and p?
4
Let f = 523 + -520. Let n be (0 - f)/3*(5 - 7). What is the highest common factor of 6 and n?
2
Suppose -20 = 4*g, 0 = -5*f + f + 3*g + 27. Let p be (-8)/(-4)*(f + 0 + -4). Let n be (p/10*8)/(5/(-50)). Calculate the highest common divisor of n and 80.
16
Suppose 1009 - 2563 = 6*g. Let q = g + 337. What is the greatest common factor of 104 and q?
26
Let a = -194 - -224. Let c = 30 + a. What is the highest common divisor of 12 and c?
12
Let u be -11*11/(-363)*18. Suppose -2*j + 5*j = 90. What is the greatest common divisor of u and j?
6
Suppose -4*m + 5*q - 1515 = -6*m, -2*m + q = -1497. Let x = m - 400. Calculate the highest common divisor of 14 and x.
14
Let d = 40064 + -39895. Calculate the greatest common divisor of 23491 and d.
169
Suppose -3*v = 3*v - 48. Suppose 20 = 4*w + v. Let h = w - -4. Calculate the greatest common divisor of 77 and h.
7
Let d be -9 - 140709/(-39) - 3/(-39). What is the highest common divisor of 118 and d?
59
Suppose -4*a = -16, -o - 6*a + 25 = -2*a. Suppose -159*h + 11850 + 2698 = -9779. Calculate the greatest common factor of h and o.
9
Let j(u) = 13*u - 2. Let m be j(-1). Let c(f) = 2*f + 96. Let a be c(m). What is the greatest common divisor of 33 and a?
33
Let s(a) = a**3 - 10*a**2 + 20*a - 17. Let y be s(8). Let z be 75/y + (-8)/(-4). Calculate the greatest common divisor of 84 and z.
7
Suppose -5*g + 3*y + 11028 - 56 = 0, -4392 = -2*g + 2*y. Calculate the greatest common divisor of 32 and g.
16
Let t = 1174 + 1029. Suppose 2097 = 20*z - t. What is the highest common factor of z and 5?
5
Let j be 1/(-15 - 6084/(-405)). What is the greatest common divisor of j and 261?
9
Suppose -5*n = -5 - 5. Let p(f) = f**2 - f - 2. Suppose 0 = -2*v - 2 + 10. Let z be p(v). What is the greatest common divisor of n and z?
2
Suppose 2299 - 14703 - 19371 = -205*m. Suppose -q - 2*q = -837. What is the highest common divisor of q and m?
31
Let r be 1 - -23 - (-115 - -112). What is the highest common divisor of r and 27?
27
Let a = 3470 + -2654. Calculate the highest common divisor of 48 and a.
48
Let a(i) = 14*i - 6. Let s be a(3). Let g = 64 + 295. Suppose -g + 71 = -2*n. Calculate the highest common divisor of n and s.
36
Let s(f) = -9*f**2 - 42*f - 31. Let w be s(-3). What is the highest common divisor of w and 14294?
14
Let f = 65 - 72. Let a(u) = -u**2 - 5*u + 16. Let r be a(f). Suppose z + 37 = r*l, -4*l + 0*z + 5*z = -83. Calculate the greatest common factor of 136 and l.
17
Let y(d) = 1127*d**2 - 12*d - 52. Let t be y(-2). Calculate the highest common factor of 400 and t.
80
Suppose 5166 = 14911*f - 14870*f. Let v(w) = w**2 - 6*w - 1. Let n be v(-5). Calculate the greatest common factor of n and f.
18
Let m be (-28)/(23/((-29601)/18)). Calculate the highest common factor of m and 462.
154
Let g be 2644/22 - (-484)/(-2662). What is the highest common divisor of 705 and g?
15
Let b be 2/18 + -1 + 14610/(-27). Let n = b - -797. Calculate the highest common divisor of 51 and n.
51
Let j be 4/(12/(-261))*-1. Suppose 4*z - j = 3*i, -5*i = -3*z + 24 + 55. Let q = 5994 + -5958. Calculate the greatest common divisor of z and q.
18
Suppose -5*s - 1753 = -4*h + 2008, 0 = -3*h - s + 2835. Calculate the greatest common factor of 1298 and h.
118
Suppose -2*p - 4 = -4*n, -15 = -n - 2*p - p. Suppose -s - 192 = -6*s + n*c, -5*c = 20. Calculate the highest common divisor of 288 and s.
36
Let i(o) = -3*o + 63. Let j be i(-36). Calculate the highest common divisor of 190 and j.
19
Let d(j) = -1550*j - 30990. Let p be d(-20). Suppose -4*v = -2*r - 274, r = v + 5*r - 82. Calculate the greatest common divisor of v and p.
10
Let r(k) = -k + 18. Let u be r(5). Let q = 59 - 85. Let v = q + 65. Calculate the highest common factor of v and u.
13
Let q(z) = 3*z - 7*z**2 - z**2 - 6*z**2 + z**3 - 12 + 15*z**2 + 0*z**2. Let b be q(4). Calculate the highest common divisor of 120 and b.
40
Let f = 1514 - 488. Suppose -f = -14*r + 514. What is the greatest common divisor of r and 30?
10
Let s(q) = 48*q - 15. Let y be s(1). Let i(t) = 5*t**2 - 1. Let k be i(-1). Let f be k/(-10) + 2171/65. What is the highest common factor of y and f?
33
Suppose 17*w = 12*w - 450. Let z = w + 225. What is the highest common divisor of z and 30?
15
Suppose 20*n - 15*n - 2*t = 20441, 13*n - 4*t = 53149. What is the greatest common divisor of 87 and n?
87
Let j = 909 + 364. Calculate the highest common factor of 19 and j.
19
Let n(t) = -7 - 81*t**2 - 8*t + 77*t**2 - 5*t**3 + 2. Let j be n(-5). What is the highest common divisor of j and 80?
80
Let c(s) = -66*s**2 + 60*s**3 - 2*s**3 + 65*s**2. Let n be c(1). Suppose 0 = -3*t + 6 + n. Calculate the greatest common divisor of 147 and t.
21
Suppose 11*y = 9*y + 8*y. Suppose y = -6*i + 36 - 0. Calculate the highest common factor of i and 270.
6
Suppose -9*f = -185*f + 967374 + 1166978. Calculate the greatest common divisor of 362 and f.
181
Let t(x) = -x**3 - x**2 + 4. Let g be t(0). Let d(p) = 8*p + 214. Let b = -240 - -214. Let o be d(b). Calculate the highest common divisor of o and g.
2
Let r(l) = 3*l**2 + 6*l - 68. Let g be r(4). What is the highest common divisor of 90 and g?
2
Let z(a) = 4*a**3 - a**2 + a + 6. Let n be z(3). Let t = 1 - -26. Calculate the greatest common divisor of t and n.
27
Let q(y) = -205*y + 103*y + 100*y - 14. Suppose 5*r + 14 = -46. Let x be q(r). Calculate the highest common factor of x and 10.
10
Let t be ((-16860)/300 + -11)/((-1)/290). What is the highest common divisor of t and 63?
21
Let n = 8056 + -3596. Calculate the highest common factor of 20 and n.
20
Let r(n) = n**3 + 2*n**2 - 20*n - 6. Let p = -1198 - -11